ose -3*f - 90 = -5*l + 108, 41 = l - 2*f. What is the remainder when l is divided by 21?
18
Let k(t) = -10*t + 5. Calculate the remainder when k(-2) is divided by 3.
1
Let m(l) = l + 36. Let x be m(0). Let y = x - 22. Calculate the remainder when (-159)/(-12)*-1*-4 is divided by y.
11
Let h(w) = w - 5. Let p be h(5). Suppose 4*f + p*f = 52. What is the remainder when ((-25)/(-4))/(3/12) is divided by f?
12
Suppose -31 + 1 = -g. Calculate the remainder when 36 is divided by (12/g)/(2/100).
16
Suppose -38 = -6*w + 100. Calculate the remainder when w is divided by 13.
10
Let t(f) = f**3 + 2*f**2 + 2*f + 2. Let m be t(-2). What is the remainder when 20 is divided by (2 + (-33)/6)*m?
6
Let t(b) be the third derivative of 1/60*b**5 + 7/24*b**4 + 0 - 7/6*b**3 - 3*b**2 + 0*b. Calculate the remainder when t(-9) is divided by 6.
5
Let v be 3/2*(-48)/(-9). Let h(o) = 2*o**2 - 10*o - 10. What is the remainder when h(v) is divided by 13?
12
Let r(q) = 2*q**2 + 30*q - 9. Suppose 0 = 3*z - 3*b + 8*b + 2, 5*b = -20. Calculate the remainder when r(-16) is divided by z.
5
Let t = 11 + 6. What is the remainder when t is divided by 10?
7
Let f = 34 + -12. Calculate the remainder when 86 is divided by f.
20
Suppose 0*b = 3*b - 2*n - 488, -5*n + 25 = 0. What is the remainder when b is divided by 28?
26
Let n(k) = 4*k + 58. What is the remainder when 22 is divided by n(-13)?
4
Let y(o) = 3*o**2. Suppose 60 + 32 = 4*x. Calculate the remainder when x is divided by y(2).
11
Calculate the remainder when ((-15)/(-2))/((-21)/(-56)) is divided by 11.
9
Suppose -3*q + 150 = -174. Suppose -5*u + 12 = -q. What is the remainder when u is divided by (-1 + 0)/(1/(-13))?
11
Let v(h) = 12*h - 21. What is the remainder when v(10) is divided by 20?
19
Let v(s) = 9*s + 29. Calculate the remainder when v(19) is divided by 68.
64
Suppose -2*l - 5 + 43 = 0. Let o = -2 + 6. Suppose 5*p - 3*j - 29 = 0, 39 = 5*p - o*j + 6*j. Calculate the remainder when l is divided by p.
5
Suppose 40 = 15*v - 10*v. What is the remainder when 45 is divided by v?
5
Let d = 81 + -57. Calculate the remainder when 44 is divided by d.
20
Suppose 3*m - 5*m + 10 = 0. Suppose -m*p - 2 + 7 = 5*z, -4*z - 20 = 0. What is the remainder when 15 is divided by p?
3
Let u = -66 + 45. Let f = 12 - u. Calculate the remainder when f is divided by 12.
9
Suppose -2*t - 3*t = -10. Suppose -t*r + 5*r - 54 = 0. Calculate the remainder when 51 is divided by r.
15
Suppose -2*l + 29 + 59 = 0. Let h(q) = 4 + 5*q + 1 + 2*q**2 - 2. What is the remainder when l is divided by h(-4)?
14
Suppose 10*v = 13*v - 5*s - 40, 5*v + 4*s = 79. Calculate the remainder when 193 is divided by v.
13
Let j(k) = k**3 - 3*k**2 + 4. Calculate the remainder when 11 is divided by j(3).
3
Let g(j) be the third derivative of j**5/2 - j**4/12 - j**3/6 + 5*j**2. Let w be -2*(0 + 2/4). What is the remainder when g(w) is divided by 11?
9
Let o be (15/20)/(1/4). Suppose -o = p - 2*p. Suppose 7 = -p*f + 25. Calculate the remainder when 16 is divided by f.
4
Suppose -g - w + 36 = 0, -w - 121 = -4*g - 2. What is the remainder when g is divided by 11?
9
Let v(p) = -2*p + 1. Let n = 3 - 9. Suppose 4*c + 114 + 64 = 5*i, -5*i + 5*c = -175. What is the remainder when i is divided by v(n)?
12
Calculate the remainder when (280/7)/(1/1) is divided by 14.
12
Suppose 0 = -0*a + 5*a - 10, 4*d - 378 = a. Suppose 23 - d = -6*s. Calculate the remainder when 22 is divided by s.
10
Let r(b) = -5*b. Let p be r(-1). Suppose 0 = 2*o - p*m - 0 + 1, -m = 5*o - 38. Calculate the remainder when 12 is divided by o.
5
Let f be (-2)/(-6) + (-2)/6. Let w(j) = -j + 15. What is the remainder when w(f) is divided by 6?
3
Let g = -9 + 25. What is the remainder when 31 is divided by g?
15
Let l(s) = 17*s + 10. Let w(d) = d + 1. Let j(k) = 2*l(k) - 22*w(k). What is the remainder when j(5) is divided by 15?
13
Suppose -2*m - 2 = -3*m. Let j = m - -21. What is the remainder when 67 is divided by j?
21
Let a be (-2)/3 + (-4)/(-6). Suppose -2*q + 5*s + 71 = a, -2*q - 4*s = -q - 16. Calculate the remainder when q is divided by (-222)/(-24) - 6/(-8).
8
Let a = 0 - -1. Let x = 3 + 1. Let s = x - a. What is the remainder when s is divided by 2?
1
Suppose -2 = -u - 1. What is the remainder when 3 is divided by u?
0
What is the remainder when 29 - (7 - (6 - 3)) is divided by 14?
11
Let c be -3 - ((-3 - -3) + -10). What is the remainder when 2/c + (-201)/(-7) is divided by 10?
9
Suppose w - 320 = -2*w - n, w - 104 = -3*n. Calculate the remainder when w is divided by 27.
26
Suppose 17*s - 15 = 16*s. Calculate the remainder when 24 is divided by s.
9
Let h(p) = -p + 6. Let u be h(6). Suppose 2*m + u*m - 4 = 0. What is the remainder when m/5 + 186/10 is divided by 10?
9
Let n be (-1 + -1 + 3)*3. Suppose -7 - 12 = -f + 4*a, n = -a. What is the remainder when f is divided by 3?
1
Let c = -4 + 53. Suppose 0 = -k + 1 + 16. Calculate the remainder when c is divided by k.
15
Let m be 44 + (0 - 2) - -3. Suppose 8*z = 3*z + m. Calculate the remainder when z is divided by 3.
0
Let m(x) = -x**3 + 4*x**2 + 4*x + 3. Suppose -5*w + 5*h = -35, 0 = -5*h - 5 - 10. Suppose -w*r = -r - 12. What is the remainder when 56 is divided by m(r)?
18
Suppose -9 = w - 13. What is the remainder when 11 is divided by w?
3
Let v(t) = 6*t**2 + 4*t + 2. Let l be v(-4). Suppose z = 1 + 3. Suppose 30 + l = z*k. Calculate the remainder when k is divided by 15.
13
Suppose -2*f = 5*q + 9, -3*q = -f + 7 + 5. What is the remainder when 75 is divided by (6 + 0)*(-13)/q?
23
Suppose 3*t - 60 = -0*t. Calculate the remainder when 57 is divided by t.
17
Suppose -3*h - h + 28 = 0. Calculate the remainder when h is divided by 2.
1
Let a = 56 - 0. Calculate the remainder when a is divided by 19.
18
Let k(a) = 5*a**2 - 5*a + 6. What is the remainder when 35 is divided by k(1)?
5
Suppose -17*k + 357 = 136. Calculate the remainder when 38 is divided by k.
12
Let a(g) = 24*g**2 + g. What is the remainder when a(1) is divided by 15?
10
Suppose -154 = -5*v - 2*v. Let n = -28 + 40. Calculate the remainder when v is divided by n.
10
Let w = 15 - 7. Let k = w + 14. What is the remainder when 65 is divided by k?
21
Suppose -3*j + 7*j = -12. Let p be ((-24)/j)/(2 + -1). What is the remainder when -2 - (p*-1 - 2) is divided by 5?
3
Calculate the remainder when 21 is divided by (((-130)/(-8))/5)/(2/8).
8
Let h(t) = t**2 - 6*t - 1. Let a be h(6). Let s = a - -6. What is the remainder when 9 is divided by s?
4
Let o = -45 - -104. What is the remainder when o is divided by 15?
14
What is the remainder when 36 is divided by (22/(-33))/((-2)/57)?
17
Let l(n) = -n**2 - 2*n + 1. Let t be l(-2). What is the remainder when 11 is divided by (t - 1) + (-8 - -14)?
5
Let v(p) = -p**3 - 7*p**2 + 9*p + 12. Let d(c) = c - 6. Suppose -2*w - 4 + 20 = 0. Calculate the remainder when v(-8) is divided by d(w).
0
Let u = -23 + 53. Calculate the remainder when 117 is divided by u.
27
Suppose 0 = 7*t - 372 + 43. What is the remainder when t is divided by 24?
23
Let h be (1 + (-3)/2)*-2. Let b be (3 - h)*1/(-2). What is the remainder when 1/b + 18 + 3 is divided by 11?
9
Let k = -36 + 41. Let o(v) = 2*v**2 + 3. Calculate the remainder when o(-2) is divided by k.
1
Let n(h) = h**3 + 7*h**2 + 4*h - 1. What is the remainder when 61 is divided by n(-4)?
30
Suppose d + 0 + 8 = -3*t, -d - 5*t - 18 = 0. What is the remainder when 43 is divided by d?
1
Let d(k) = -6*k**3 + k**2 + 2*k + 1. Let u = 5 - 0. Suppose 2*m - 4 = 0, u*v - m = -0*m + 63. What is the remainder when d(-2) is divided by v?
10
Let v be 1/4 + 21/12. Let l(a) = a**2 - 3*a + 5. Calculate the remainder when (v + -12)*-1 - 2 is divided by l(0).
3
Suppose 3*f - 1 = 2*f. Let h(x) = -4*x. Let s be h(f). What is the remainder when 24 - (2 + s + 0) is divided by 14?
12
Let j(w) = 2*w**3 - 11*w**2 + 6*w - 2. Calculate the remainder when j(7) is divided by 47.
46
Let l be 2/6 + 52/6. Let j = l - 15. What is the remainder when 11 + 0 - (4 + j) is divided by 4?
1
Suppose 108 = 3*z - 4*k, 154 + 26 = 5*z - 5*k. What is the remainder when 213 is divided by z?
33
Suppose -3*x = 5*q - 37 - 10, -2*q = 2*x - 18. Suppose -i = 4*i + q. Calculate the remainder when 2 - (-2 - i - 17) is divided by 7.
5
Suppose -3*n + 10 = -17. Suppose 0 = -3*r + d + n, -2*r